Suppose -569*r - 7592 = -715*r. What is the remainder when 86 is divided by r?
34
Calculate the remainder when (9863445/(-194))/((-13)/2) - (-1)/13 is divided by 25.
22
Let v be 2/(4/90) - -1. Let q = -31 + v. Suppose -2*n + 54 = -129*w + 127*w, 5*n + 5*w = 125. Calculate the remainder when n is divided by q.
11
Let g(t) = 12*t + 4. Let y be g(0). Suppose 9*r - y*r - 305 = 0. What is the remainder when r is divided by 2/5 - 412/(-20)?
19
Let y = 996 - -528. What is the remainder when y is divided by 7?
5
Suppose 21*a - 1927 = 1063 + 454. What is the remainder when 611 is divided by a?
119
Suppose -40*g - 12096 + 4305 = -411*g. Let k = 33 - 23. Calculate the remainder when g is divided by k.
1
Let c = -48 + 176. Calculate the remainder when c is divided by 0 + -1 + 88/8.
8
Suppose -m + 2*m = 4*m. Suppose -31 = -5*c - 4*p, m = 2*p - 1 + 3. Suppose 57 + c = 16*b. What is the remainder when 13 is divided by b?
1
Let x = 745 - 742. Suppose 0 = -x*y - 9, -3*s + 7*s + 5*y = 177. Calculate the remainder when 51 is divided by s.
3
Suppose -3*n - 4*h - h = -182, -5*n + 328 = -4*h. Let x(b) = -9*b**3 - 4*b**2 + 2*b + 8. What is the remainder when n is divided by x(-1)?
9
Let x = 400 + -396. Suppose 4*n - 3*i - i = 104, x*i = -4*n + 120. Calculate the remainder when 165 is divided by n.
25
Let h(v) = -17*v - 486. What is the remainder when 160 is divided by h(-33)?
10
Suppose 38055 + 107991 = 267*a + 36*a. What is the remainder when a is divided by 128?
98
Suppose -5*t + 2*m + 535 = 0, -3*m = 2*t - 23 - 191. Let n(o) = -2*o**3 + 26*o**2 - 79*o - 17. Calculate the remainder when t is divided by n(7).
17
Suppose 2*v + 0*v = 16 + 56. Calculate the remainder when 10725 is divided by v.
33
Let p(w) = -43*w**3 + 31*w**2 + 57*w - 1. Calculate the remainder when p(-2) is divided by 78.
41
Let k(j) = -12*j - 26. Suppose 3*t = 2*x + 7, -4*x + 5 = x. Suppose 4*q - 10 = l + 11, 18 = -t*l - 3*q. What is the remainder when k(l) is divided by 17?
14
Let f(g) = -5*g - 126. Let z be f(-25). Calculate the remainder when 53 is divided by (-1)/(5/z - 1600/(-325)).
1
Suppose 9*g = g - 56. What is the remainder when 63 is divided by ((5 - 11) + g)*-1?
11
Let h(j) = 5*j + 4. Let l = 11 - 10. Let q be ((-3)/4)/(l/(-4)). Calculate the remainder when 75 is divided by h(q).
18
Let t = -8006 - -8495. What is the remainder when t is divided by 156?
21
Let c = 1231 + -1200. What is the remainder when 554 is divided by c?
27
Let h(v) = -10*v + 8. Let a be h(-15). Suppose -3*f = -3*l - 150, -3*f + 3*l + 2*l + a = 0. What is the remainder when f is divided by (-10 - -40)*(-1)/(-10)*8?
22
Let w(b) = 32*b + 2868. What is the remainder when w(29) is divided by 1893?
10
Let c = 9632 - 9279. Calculate the remainder when 977 is divided by c.
271
Suppose 0 = u, 5*v = 2*u + 26 + 14. Calculate the remainder when (-74)/v*(3 - 15) is divided by 4.
3
What is the remainder when 1102 is divided by 4/18 - ((-26)/27)/((-19)/(-2166))?
2
Let v(t) = t**2 + 13*t - 15. Suppose -u - 3*l = -13, 43 = 10*u - 5*u + 4*l. What is the remainder when v(-16) is divided by u?
5
Suppose -4*t - 4*r + 24 = -0*t, -16 = 2*t - 5*r. Let l(f) = 72 - 38 - t*f**3 - 29. What is the remainder when 125 is divided by l(-2)?
20
Suppose 0 = -5*m - 4*h, -2*m + 2*h - 4 - 14 = 0. What is the remainder when 128 is divided by -4*((-57)/m)/(-3)?
14
Suppose 61*h - 742233 = -69*h + 37*h. Calculate the remainder when h is divided by 8.
5
Let g(u) = 10*u**3 + 4*u**2 - 5*u + 1. Suppose 2*k - 60 = k. What is the remainder when k is divided by g(1)?
0
Let z = -2928 - -3764. What is the remainder when z is divided by 192?
68
Calculate the remainder when 9656 is divided by ((-1078)/(-44) + -24)*(29 + 1).
11
Let o be (96/64)/((-6)/(-40)). Let w(d) = -6*d + o*d**2 - 19 - 6*d + 10*d. What is the remainder when w(-3) is divided by 20?
17
Let r = 142 - 132. Let p be (5/r)/((-3)/(-72)). Calculate the remainder when 69 is divided by p/(-9) - (-340)/30.
9
Let s be -6 - (4 - 90/9). Suppose -24*z + 614 + 226 = s. Let f(o) = o**3 - 5*o**2 - 6*o + 8. What is the remainder when f(7) is divided by z?
29
Suppose 25*i + 24*i + 6*i - 17985 = 0. What is the remainder when i is divided by 86?
69
Suppose -314*g + 13272 = -235*g. What is the remainder when 203 is divided by g?
35
Let x = -13201 - -13214. Calculate the remainder when 73 is divided by x.
8
Let y(z) = -4*z**2 + 1 + z**3 + 47 + 3*z**2 + 0*z - z. Let t be 1/9 + (-8)/72. What is the remainder when y(t) is divided by 18?
12
Suppose -4*x - 20*l + 913 = -23*l, 4*l = 2*x - 454. What is the remainder when 888 is divided by x?
201
Suppose -4*l = j - 654, l + 2*j + j - 147 = 0. What is the remainder when l is divided by 4?
1
Let p(s) = s**3 + 3*s**2 + 22*s + 64. Calculate the remainder when p(6) is divided by 57.
7
Calculate the remainder when -409*9/27*-33 is divided by 196.
187
Let j = 16924 - 14675. What is the remainder when j is divided by 46?
41
Let o(r) = -r**2 + 3*r + 375. Suppose -4*i = -4*a + 116, 5*a + 3*i = 34 + 103. What is the remainder when o(18) is divided by a?
21
What is the remainder when 1022 is divided by 16 - (-10 - -14)*2?
6
Suppose 2*a = -2*y + 62, y - 67 = -0*a - 2*a. Let g = -6155 + 6512. What is the remainder when g is divided by a?
33
Let h(u) = -380*u - 1052. Calculate the remainder when 118 is divided by h(-3).
30
Suppose 393 = 7*c - 559. Suppose -d = d - c. What is the remainder when 611 is divided by d?
67
Let d(r) = 184*r**2 + 232*r + 932. Calculate the remainder when d(-4) is divided by 50.
48
Suppose 3*c = 4*t + 192, 101 - 37 = c - 5*t. Suppose f - 3*f + 4*v + c = 0, 4*v = -12. Calculate the remainder when 66 is divided by f.
14
Let z = -61 + 134. Suppose -5*s - 3*j = -0*s - z, 4*j = -5*s + 74. What is the remainder when -130*(119/(-14))/17 is divided by s?
9
Let c(m) = 6*m + 54. What is the remainder when c(12) is divided by ((-2)/(-10))/(3549/(-355) + 10)?
55
Let l be -2*(55/(-22) + 474/4). Let i = -224 - l. Calculate the remainder when 10 is divided by i.
2
Suppose 4*h = 2*s + 256, -2*h + 94*s = 97*s - 112. What is the remainder when 290 is divided by h?
42
Suppose y = 2*q - 4*y - 291, 3*q - 3*y = 414. Let c = 94 + -77. What is the remainder when q is divided by c?
14
Suppose -2*t - 2*i = -654, 3*t - 4*i = 310 + 706. Calculate the remainder when t is divided by 123.
86
Let h = -16866 - -17411. Calculate the remainder when h is divided by 268.
9
Let v be (-1 - -13) + 35/(-7). Suppose -v*y + 13 + 43 = 0. Suppose 2*g = 28 + y. Calculate the remainder when 29 is divided by g.
11
What is the remainder when (-3 - 5)*-2*923/104 is divided by 100?
42
Suppose 0 = -n - 3*n - 5*o + 503, 5*o + 5 = 0. Suppose 0 = -3*m + n + 23. Suppose 68 = -0*l + 4*l. What is the remainder when m is divided by l?
16
Suppose 5*j + 89*s = 94*s + 115, 0 = 4*j + 3*s - 64. What is the remainder when 3032 is divided by j?
11
Let o = 26338 + -26296. What is the remainder when 9362 is divided by o?
38
Suppose 3*s - 17 = -j, 4*s = -2*j - 2*j + 44. Calculate the remainder when (0 + 36)/(-9)*((-51)/2 + 2) is divided by j.
6
Suppose 108 = 4*t - 4*u, -21 = -t + 4*u + 18. What is the remainder when 210 is divided by t?
3
Suppose -5*i = j - 1058, 0*j + 842 = 4*i + 3*j. Calculate the remainder when i is divided by 65.
17
Suppose 2*x = -5*r + 28, 2*x + 3*x = 5*r. Suppose -2*y = -3*l + 6, x*l = y - 4 + 12. Suppose -l*o - 102 = -3*o. Calculate the remainder when o is divided by 26.
24
Suppose 40*b = -195 + 515. Calculate the remainder when 28 is divided by b.
4
Let j = 234 - 202. Let c = -335 - -353. Calculate the remainder when j is divided by c.
14
Suppose 32*i - 59 = 69. Suppose t = -4*t - i*q + 310, t + 4*q - 62 = 0. Suppose -65 = -3*s - 17. Calculate the remainder when t is divided by s.
14
Suppose 5*i = -89 + 249. Let t = 4 + -11. Calculate the remainder when i is divided by ((-6)/t)/(2/28).
8
Suppose 0 = 5*f - f. Suppose -9*b + 36 + 0 = f. Suppose -3*l + 2*s + 243 = 0, 6*l + s - 155 = b*l. What is the remainder when l is divided by 16?
15
Let c = 186 - 74. Suppose -4*y + 99 = n, 2*n - 24 + 1 = -y. Let t = c - y. What is the remainder when t is divided by 11?
10
Suppose 171 + 114 = 3*j. Let r = 8650 + -8615. What is the remainder when j is divided by r?
25
Let d = 337 - 333. Suppose 2*k = -5*j + 3*k + 114, d*j - 2*